5, j = 4*p + 13777. What are the prime factors of j?
3, 5, 919
Let z(r) = 33*r**3 - 14*r**2 - 119*r + 1020. List the prime factors of z(11).
2, 3, 5, 233
Let m = -12086 + 16126. List the prime factors of m.
2, 5, 101
Let d = 18863 + -2915. List the prime factors of d.
2, 3, 443
Suppose 598 = -2*a + 5*k + 2644, 2*a + 4*k - 2028 = 0. Let t = a + -608. What are the prime factors of 6/(-4)*t/(-15)?
41
Let l(m) = 23*m + 95. Let v be l(-4). Suppose -4*a - v*f + 4256 = 0, 5*f - 1841 = 4*a - 6129. List the prime factors of a.
11, 97
Let o(b) = -9 - 10*b - 54*b + 4*b - 4*b**2. Let n(j) = -2*j**2 - 29*j - 4. Let d(m) = -5*n(m) + 2*o(m). What are the prime factors of d(-14)?
2, 11
Let r(n) = -n**3 + 4*n**2 + 15*n - 13. Let j be r(6). Suppose -j*f - 208 = -533. What are the prime factors of f?
5, 13
Let k(u) = 5*u**2 + u - 648. Let s be k(0). What are the prime factors of s/(-252)*(-1876)/(-6)?
2, 3, 67
Let j(x) = 5*x**2 - 10*x - 83. Let q be j(-11). Suppose 5*s - q = 1443. List the prime factors of s.
5, 83
Let w(z) = z**3 + 4*z - 10. Let c be w(2). Suppose 3*f - 1319 = 4*b, f - c*b = -5*b + 439. What are the prime factors of f?
19, 23
List the prime factors of 21325/(-75)*(-12)/2.
2, 853
List the prime factors of 138212/26 + 336/2184.
2, 3, 443
Suppose 5*f - 28 - 27 = 0. Suppose -9 = -8*x + f*x. List the prime factors of x/(-6) + 3 + 651/6.
2, 7
Let p = 13364 - 6875. List the prime factors of p.
3, 7, 103
Let g = 18900 + -12674. List the prime factors of g.
2, 11, 283
Let q be 18/(-2 + 4)*12/(-9). Let y = q + 9. What are the prime factors of (-383)/(-5) - 10/75*y?
7, 11
Let u = 45555 - 29180. What are the prime factors of u?
5, 131
Let x = 22481 - 6049. List the prime factors of x.
2, 13, 79
Suppose 4*z + 5*v = z, -4*z = -2*v. Suppose -3*x + h + 185 = -0*h, 2*x + h - 130 = z. List the prime factors of x.
3, 7
Let z = -6178 - -17814. List the prime factors of z.
2, 2909
Let k(h) = -19*h**3 + 5*h**2 + 35*h - 82. List the prime factors of k(-10).
2, 3, 7, 227
Suppose -4*r + 11789 = -4*b + 47069, 3*r - 35266 = -4*b. What are the prime factors of b?
2, 4409
Let c = -424 + 204. Suppose 19 + 3 = -l. What are the prime factors of ((-11)/(-2))/(l/c)?
5, 11
Suppose -5*p - 2*f = 34, f + 6 = -2*f. Let i be ((-6)/(-4))/(p/(-72)*6). Suppose -t = 3*z - 275, -8*z + 449 = -i*z + 4*t. What are the prime factors of z?
3, 31
Suppose 52*n - 51*n = 5*q - 12, 5*q - 2*n = 9. Suppose -5*k + 150 = -0*k. Let m = k - q. What are the prime factors of m?
3
Suppose 0 = 4*k - 5*j - 74220, -k - j + 16185 + 2370 = 0. List the prime factors of k.
3, 5, 1237
Let v(q) = -q**2 + 20*q + 7790. List the prime factors of v(0).
2, 5, 19, 41
Suppose -19*a + 36395 = 6*a - 90680. What are the prime factors of a?
13, 17, 23
Let l = -7603 - -10164. List the prime factors of l.
13, 197
Suppose -2004*i + 1987*i + 65875 = 0. What are the prime factors of i?
5, 31
What are the prime factors of (-119025)/(-33) - 82/(-451)?
3607
Let k(u) = -9 + 7*u + 0 - 3 - 58*u**3 - 6*u + 6*u**2 - 1. What are the prime factors of k(-3)?
2, 401
Let r be ((-2395)/(-10))/(2 + (-12)/8). Suppose 45*k = -a + 40*k + r, -5*k = -4*a + 2016. What are the prime factors of a?
499
Let z be 8/(-5)*(-35)/14. Let r(x) = -x**2 + 4*x. Let h be r(z). Suppose 2*q + 366 - 34 = 4*t, -4*t + q + 328 = h. What are the prime factors of t?
3
What are the prime factors of ((-16)/20)/(2/(-143140)) - (0 + -2)?
2, 3, 3181
Suppose 9*h = -12*h + 609. Suppose -h*g = -18511 - 15071. What are the prime factors of g?
2, 3, 193
Suppose -201*o + 3*b + 32465 = -196*o, b = 3*o - 19475. What are the prime factors of o?
2, 5, 11, 59
Let t(s) = s**3 + 7*s**2 - 9*s + 9. Suppose -2*j - 3 = -2*f - f, -4*j = f - 1. Let n be f - (1 - -2) - 6. List the prime factors of t(n).
17
Let t(p) = p. Suppose -15 = -c + 6. Let n(b) = -4*b + 1. Let d(v) = c*t(v) + 6*n(v). List the prime factors of d(-8).
2, 3, 5
Suppose -5*i - 41560 - 32381 = -8*l, 0 = 5*l - 5*i - 46215. What are the prime factors of l?
2, 4621
Suppose m + 15*j = 9*j + 30527, 0 = -4*m - j + 122177. What are the prime factors of m?
5, 41, 149
Let x(j) = 92*j + 108. Let v be x(11). Let l = 1771 - v. List the prime factors of l.
3, 7, 31
Let w(k) = -2*k**2 + 45*k + 18. Suppose 14*t + 67 - 361 = 0. What are the prime factors of w(t)?
3
Let z = -212 + 222. List the prime factors of 796/z - 44/(-110).
2, 5
Suppose -4*c + 356 = 2*j, -3*c = 4*j - 9*j - 267. Let h = -86 + c. Suppose 193 = h*n + 2*m, 4*m - 295 = -5*n + 6*m. What are the prime factors of n?
61
Let t(m) = -7356*m + 252. What are the prime factors of t(-2)?
2, 3, 29, 43
Let d(p) = p**3 + 19*p**2 + 5*p - 13. Let i be d(-17). Let l = -293 + i. List the prime factors of l.
11, 17
Suppose -3*g + 2*h = 7 - 27, 5*g = -5*h. Let f be (-3 - -5)*1/g*86. Suppose 3*d + 67 + f = 5*m, m + 5*d = 22. List the prime factors of m.
2, 11
Let q(n) = -29*n + 134. Let x be q(5). What are the prime factors of (-747)/12*x/(55/60)?
3, 83
Let x = 89442 - 49668. What are the prime factors of x?
2, 3, 7, 947
What are the prime factors of ((-52622)/747)/(2/(-36))?
2, 317
Let q = -64 + 64. Suppose 0 = 4*g - 3*f - 84 - 135, 4*g - 2*f - 222 = q. Suppose 3*p + 5*d - g = 2*d, -3*p = -3*d - 57. List the prime factors of p.
19
Let o(d) = 9*d**3 - 20*d**2 - 17*d + 20. List the prime factors of o(15).
2, 5, 641
Suppose 406 = 4*h - 3*o, -2*h + 3*o + 73 = -127. Suppose -h*u - 25 = -98*u. What are the prime factors of (-1)/(2/(-239)*u/(-10))?
239
Let i be 1 + (-100)/3*(-6)/4. Suppose i = c + 3. What are the prime factors of c?
2, 3
Suppose 27174 = 4*r - 4*d - 8746, r - 8980 = 3*d. What are the prime factors of r?
2, 5, 449
Let u(g) = 2*g**2 + 168*g - 6431. List the prime factors of u(71).
3, 577
Let p(t) = t**3 + 28*t**2 - 29*t + 3. Let f be p(-29). Suppose -741 = -2*r + 3*c + 273, -4*c - 1520 = -f*r. List the prime factors of r.
2, 3, 7
Suppose -2*d + 0*d = y - 38, 3*d - 3 = 0. Let p = y - 27. What are the prime factors of (-92)/(((-6)/p)/((-14)/(-21)))?
2, 23
Let k = 11646 - 3665. List the prime factors of k.
23, 347
Let i = -272 - -750. Let m = -401 + i. What are the prime factors of m?
7, 11
Suppose 5*n + 2062 = 5*y - 458, -3*n - 1509 = -2*y. List the prime factors of 2/(51/34*(-4)/n).
167
Let b(n) = 2*n**3 + n. Let k(q) = -9*q**3 - 9*q**2 - 12*q - 5. Let r = 31 + -35. Let o(s) = r*b(s) - k(s). List the prime factors of o(-7).
47
Let d(v) = 18*v**3 - 13*v**2 + 50*v - 123. What are the prime factors of d(8)?
3, 2887
List the prime factors of 0 + 46018/10 - ((-133)/(-35) - 4).
2, 3, 13, 59
Let x = 22 - 12. Suppose -7*o = -5*o - x. Suppose -p = 5*t - 6*p - 10, -2*p - 25 = -o*t. What are the prime factors of t?
7
Let z = -43 + 45. Suppose -3*g = w - 11, z*g + 8 = 2*w + 26. Suppose g*v + 3*d - 354 = 0, 2*d = -4*v + 3*d + 290. What are the prime factors of v?
2, 3
Let a be 378/(-90) + 16/(-20). List the prime factors of 1*99*(a + 264/18).
3, 11, 29
Let u(s) = -s**2 - 12*s + 12. Let i(p) = -p**3 - 8*p**2 + 2*p - 3. Let x be i(-9). Let d = x + -71. List the prime factors of u(d).
23
Suppose 0 = v + 4*d - 41744, -43*d + 35 = -48*d. What are the prime factors of v?
2, 3, 59
Let w be (-1)/(6/(-60) + (-4)/10). Suppose 5*j + 5 = w*n, 3*n - 6*j = -5*j + 1. Suppose n*x = -x + 233. What are the prime factors of x?
233
Let m(w) = 8*w**3 - 15*w**2 - 2*w. Suppose -49 = -7*n - 14. List the prime factors of m(n).
3, 5, 41
Let o(d) = 21*d**2 - d + 19. Suppose -26*y - 90 = -41*y. What are the prime factors of o(y)?
769
Let q(g) = 18*g**2 - 13*g + 382. List the prime factors of q(18).
2, 5, 13, 23
Let p(w) = -85*w - 67. Suppose 143 = -14*r + 17. What are the prime factors of p(r)?
2, 349
Let i(u) = -55*u**3 - 2*u**2 - 3*u + 7. Let s be i(3). Let c = s - -600. List the prime factors of (2 - 5 - -1)*c/10.
181
Let j = 13 - -48. Let r be (-2 - -1)*(0 + -5). List the prime factors of (-10)/r*j/(-2).
61
Let c(b) = b - 14. Let z be c(15). What are the prime factors of 130 - -5*(z + 0)?
3, 5
Suppose 15 = 3*k + 5*x, 0 = 4*k + 2*x - 36 + 16. Suppose 5*s = 6*i - i + 535, -k*s + 523 = -2*i. What are the prime factors of s?
103
Suppose -3*o = -5*x + 53 + 29, -4*o = 4*x - 40. Let b be (-24)/(-14) - (-4)/x. Suppose b + 34 = i. What are the prime factors of i?
2, 3
Suppose 4*s = c - 10428, 4*c - 41768 = 22*s - 20*s. What are the p